80 + -34b57?
-35017
In base 13, what is -1975a4 - 40?
-197614
In base 6, what is -1354120053 - -4?
-1354120045
In base 7, what is -55551016 + 1?
-55551015
In base 6, what is -3534545 + 31?
-3534514
In base 15, what is -458224 - -2?
-458222
In base 6, what is -531351432 + -4?
-531351440
In base 8, what is -26 + -1516017?
-1516045
In base 16, what is -d - 13a95d?
-13a96a
In base 12, what is -8 + -974b992?
-974b99a
In base 2, what is -1010011 - -1011101000111001110?
1011101000101111011
In base 12, what is 7 + 23105549?
23105554
In base 16, what is 2ecf773 - 3?
2ecf770
In base 10, what is -13117 - 984?
-14101
In base 10, what is 497685415 + -2?
497685413
In base 7, what is -505412 - 605?
-506320
In base 12, what is -3580b61 - 4?
-3580b65
In base 9, what is -14660 + -1548?
-16318
In base 11, what is 422205a - -1?
4222060
In base 3, what is -10221020000 + 12022?
-10221000201
In base 8, what is 15562 - -3362?
21144
In base 7, what is -154136 - 5012?
-162151
In base 15, what is -16 + -9cec40?
-9cec56
In base 5, what is -14 + -201034133?
-201034202
In base 6, what is 1010331 - 2504?
1003423
In base 11, what is -3214769 - -3?
-3214766
In base 6, what is 5 + -45023453425?
-45023453420
In base 4, what is -3 - 11030000210?
-11030000213
In base 10, what is -2629 - -2349?
-280
In base 9, what is 7778602 - -2?
7778604
In base 2, what is 101 + 101011001101010011000110?
101011001101010011001011
In base 9, what is 333804543 + 0?
333804543
In base 13, what is 3 + 1948b902?
1948b905
In base 6, what is 1250 - -51131452?
51133142
In base 13, what is 222a - -23c?
2469
In base 6, what is -144 + -10004023?
-10004211
In base 9, what is -1226 - -6683?
5456
In base 14, what is 4 + 354a934?
354a938
In base 4, what is 210000323 - -30322?
210031311
In base 5, what is 1302001 + 132442?
1434443
In base 14, what is 1597 + -15bc7?
-14630
In base 13, what is 6c442bb2 - 3?
6c442bac
In base 15, what is -88bcda + -3?
-88bcdd
In base 6, what is 4 + 404023435?
404023443
In base 6, what is -30252444 - -34?
-30252410
In base 9, what is 16673 + -74840?
-57156
In base 15, what is c + 839ac0e?
839ac1b
In base 6, what is 1101035544 - -5?
1101035553
In base 16, what is a17be + b2?
a1870
In base 5, what is -431431 + 121123?
-310303
In base 7, what is -4543153 - 1202?
-4544355
In base 15, what is 4 - 41b63a?
-41b636
In base 14, what is c92a + 7b?
c9a7
In base 15, what is 6404b0 + 3e?
6404ee
In base 6, what is 22 - 105105513?
-105105451
In base 11, what is -10772 + 852?
-aa20
In base 14, what is -100 + 9716?
9616
In base 5, what is -342320334 + -20?
-342320404
In base 13, what is 75 - 23ab13?
-23aa6b
In base 5, what is -34 + 2143002342?
2143002303
In base 15, what is 5 + -20c2e8?
-20c2e3
In base 2, what is 101 + 1001000011010110110111001?
1001000011010110110111110
In base 4, what is 111033303013003 - 1?
111033303013002
In base 7, what is 1254045 + -666?
1253046
In base 3, what is -112011222002 - 1110011?
-112020102020
In base 13, what is 891b3c4 + 1?
891b3c5
In base 9, what is -6 - -10634846?
10634840
In base 16, what is 3 - -946a8?
946ab
In base 15, what is -3 - a85b8?
-a85bb
In base 4, what is 23110221 + 3?
23110230
In base 2, what is 1000100 - -110110101100110001010011?
110110101100110010010111
In base 6, what is 5153043 - 251?
5152352
In base 8, what is 645711 - 14?
645675
In base 14, what is -1 - -4c342?
4c341
In base 15, what is -a3 + 13ee5?
13e42
In base 11, what is -2a9 - -27370?
27072
In base 11, what is 34 - -9aa2160?
9aa2194
In base 13, what is 169 - 16635?
-16499
In base 16, what is -60 - -13e3d?
13ddd
In base 6, what is -3542324352 + -4?
-3542324400
In base 14, what is -64845 - -6d?
-647b6
In base 9, what is 1082 - -312305?
313387
In base 6, what is 13221140 - -10035?
13231215
In base 15, what is bba26c - -7?
bba274
In base 14, what is -613d9b - -29?
-613d72
In base 2, what is -1001101000000001001111100111 + 1000?
-1001101000000001001111011111
In base 12, what is 4098 - 6220?
-2144
In base 16, what is 3d9 + 798?
b71
In base 4, what is -1 - 1022213022122?
-1022213022123
In base 5, what is -131332244 + 103?
-131332141
In base 13, what is -3284a20 - -c?
-3284a11
In base 12, what is -4 + 76b31?
76b29
In base 14, what is 0 - -7b378?
7b378
In base 11, what is 0 + 3498369?
3498369
In base 11, what is 25036 + 299?
25324
In base 2, what is 1011 - 1111000000000100000010010?
-1111000000000100000000111
In base 8, what is -26337621 - 3?
-26337624
In base 8, what is 4 + -6672543?
-6672537
In base 8, what is 1100 - -4037?
5137
In base 12, what is 15 + -104a196?
-104a181
In base 13, what is -38 - -cca406?
cca39b
In base 12, what is 2 - 572853?
-572851
In base 7, what is 31065654 - -352?
31066336
In base 15, what is -4 - -378068b?
3780687
In base 11, what is 14 - -492600?
492614
In base 2, what is -100001011 - -11000011100101001?
11000011000011110
In base 9, what is 4 - -23431465?
23431470
In base 3, what is -1101 - 2211122102210?
-2211122111011
In base 15, what is 2 + 850c27?
850c29
In base 14, what is -142845d - 0?
-142845d
In base 14, what is -2160c + 954?
-20a98
In base 16, what is -1 - -130be88?
130be87
In base 15, what is -adb - -3421?
2835
In base 2, what is -1010100010001100001100 + 10?
-1010100010001100001010
In base 9, what is -345 - 1037632?
-1038077
In base 9, what is -17170 - 1031?
-18211
In base 14, what is -1 - -8781ad?
8781ac
In base 4, what is -2323110002 - 133?
-2323110201
In base 7, what is -42 - 51524?
-51566
In base 10, what is 189 - 3022?
-2833
In base 9, what is -2 - -57775477?
57775475
In base 15, what is -193e - -894?
-109a
In base 9, what is 348 - -337850?
338308
In base 16, what is -392d9 - -777?
-38b62
In base 5, what is -434 + 100222040?
100221101
In base 9, what is -668 + -674345?
-675124
In base 13, what is -313 - -34b56?
34843
In base 3, what is -112102212122 + 1202?
-112102210220
In base 7, what is -5 + 401624546?
401624541
In base 15, what is -4 - -49a2a64?
49a2a60
In base 8, what is 25347164 - 161?
25347003
In base 8, what is 227 + 46231?
46460
In base 4, what is 221323 - -112201?
1000130
In base 6, what is 2 + 42150120?
42150122
In base 4, what is 103122233 - -131201?
103320100
In base 15, what is 18e9 + 1185?
2a7e
In base 15, what is -3ab539 + -2d?
-3ab567
In base 6, what is 40123441254 + 4?
40123441302
In base 8, what is -60 + 1216074?
1216014
In base 4, what is 10333 + -11311101?
-11300102
In base 8, what is -7243 + 514?
-6527
In base 7, what is -2630 - -122145?
116215
In base 13, what is -13 + 64293c?
642929
In base 7, what is -4 + -1011525343?
-1011525350
In base 8, what is -21257 - 1307?
-22566
In base 14, what is -3474350 - -3?
-347434b
In base 8, what is 2417 - 3465673?
-3463254
In base 8, what is 5 + 1427037362?
1427037367
In base 4, what is 123221022 - -111133?
123332221
In base 12, what is 402531b + -5?
4025316
In base 4, what is 131120310 - -33013?
131213323
In base 11, what is 3839118a - -2?
38391191
In base 15, what is -3800 - 216d?
-596d
In base 16, what is 4 + -e56254?
-e56250
In base 11, what is 1169836 - 23?
1169813
In base 5, what is -1202113230 + 11?
-1202113214
In base 14, what is -c004 + -40?
-c044
In base 7, what is 11526 + 23152?
35011
In base 16, what is -36 + cae5?
caaf
In base 5, what is 1 + -201421143013?
-201421143012
In base 2, what is 1000110111 + -10000100000010?
-1111011001011
In base 10, what is -5 + -66556821?
-66556826
In base 11, what is 2074 + 1892?
3956
In base 2, what is 10111100101100010010101001 - -1?
10111100101100010010101010
In base 9, what is 68688 - 7452?
61236
In base 14, what is -ba + -17da0?
-1807a
In base 9, what is -3 + 82341207?
82341204
In base 14, what is 103300 - -c?
10330c
In base 13, what is 8 - -72733c?
727347
In base 12, what is 2 - 1199b33?
-1199b31
In base 2, what is 1001000101111110 - -101110110110?
1001110100110100
In base 13, what is -1 - -284abc?
284abb
In base 6, what is 24324434344 + -11?
24324434333
In base 15, what is -8110 + 8a0?
-7760
In base 5, what is -2241 + -132400?
-140141
In base 12, what is -116a587 - -5?
-116a582
In base 15, what is -9c51d - -7?
-9c516
In base 2, what is -11 - -1110100011110010010010111?
1110100011110010010010100
In base 10, what is -31456 - 1600?
-33056
In base 4, what is 11113301113020 - 10?
11113301113010
In base 16, what is 5e1 - -15fc?
1bdd
In base 9, what i